he units digit of 19394670?
0
What is the units digit of 170791480?
0
What is the hundred thousands digit of 921769371?
7
What is the tens digit of 10238866?
6
What is the ten thousands digit of 429817069?
1
What is the units digit of 5778226500?
0
What is the hundred thousands digit of 103657561?
6
What is the ten thousands digit of 572395?
7
What is the thousands digit of 5854643?
4
What is the hundreds digit of 5325229?
2
What is the tens digit of 14120733?
3
What is the thousands digit of 16046034?
6
What is the tens digit of 3881897832?
3
What is the hundred millions digit of 318354448?
3
What is the tens digit of 105406337?
3
What is the hundred millions digit of 453238409?
4
What is the hundreds digit of 150697459?
4
What is the millions digit of 8943704?
8
What is the ten thousands digit of 104721171?
2
What is the ten thousands digit of 5184297466?
9
What is the hundred thousands digit of 1377820067?
8
What is the ten millions digit of 7075709635?
7
What is the ten thousands digit of 21215237?
1
What is the hundred thousands digit of 465329497?
3
What is the tens digit of 378945530?
3
What is the ten thousands digit of 25023585?
2
What is the hundred millions digit of 1053381754?
0
What is the hundred thousands digit of 320282138?
2
What is the ten millions digit of 750038395?
5
What is the units digit of 2924215535?
5
What is the hundred thousands digit of 1593045189?
0
What is the millions digit of 77788822?
7
What is the units digit of 926030222?
2
What is the units digit of 50650937?
7
What is the ten millions digit of 37527488?
3
What is the tens digit of 35488487?
8
What is the millions digit of 501728916?
1
What is the hundred thousands digit of 719263973?
2
What is the millions digit of 82518115?
2
What is the hundreds digit of 1586141502?
5
What is the millions digit of 196796362?
6
What is the ten thousands digit of 1460947274?
4
What is the hundred thousands digit of 37957722?
9
What is the millions digit of 1236801?
1
What is the thousands digit of 3563867910?
7
What is the ten millions digit of 759449470?
5
What is the ten thousands digit of 666639675?
3
What is the tens digit of 16221794?
9
What is the ten millions digit of 271045972?
7
What is the millions digit of 2906892574?
6
What is the hundred millions digit of 346355249?
3
What is the millions digit of 134617167?
4
What is the hundred millions digit of 211492736?
2
What is the ten thousands digit of 315305263?
0
What is the tens digit of 629160881?
8
What is the hundreds digit of 134273111?
1
What is the billions digit of 1448131931?
1
What is the hundred millions digit of 3719659013?
7
What is the thousands digit of 831796252?
6
What is the thousands digit of 555709076?
9
What is the ten thousands digit of 134787360?
8
What is the hundreds digit of 3027408001?
0
What is the ten thousands digit of 5134254721?
5
What is the ten thousands digit of 38205526?
0
What is the millions digit of 40642086?
0
What is the hundreds digit of 509954274?
2
What is the units digit of 112956178?
8
What is the thousands digit of 70466771?
6
What is the hundreds digit of 5578348988?
9
What is the ten millions digit of 295175357?
9
What is the hundred thousands digit of 139393536?
3
What is the units digit of 98574822?
2
What is the hundreds digit of 141536921?
9
What is the thousands digit of 1724287164?
7
What is the millions digit of 31261420?
1
What is the tens digit of 728481215?
1
What is the ten thousands digit of 66861219?
6
What is the hundred millions digit of 524807779?
5
What is the millions digit of 161700502?
1
What is the hundred thousands digit of 34508979?
5
What is the thousands digit of 20084929?
4
What is the thousands digit of 177093476?
3
What is the hundred thousands digit of 285323775?
3
What is the billions digit of 2064652685?
2
What is the thousands digit of 68916797?
6
What is the hundred millions digit of 638798617?
6
What is the hundred thousands digit of 7241649640?
6
What is the ten millions digit of 2741968461?
4
What is the millions digit of 24967062?
4
What is the hundred thousands digit of 761941744?
9
What is the hundred millions digit of 2982542688?
9
What is the hundreds digit of 502358138?
1
What is the hundred thousands digit of 161537559?
5
What is the thousands digit of 4213692?
3
What is the tens digit of 263655465?
6
What is the hundred thousands digit of 99383671?
3
What is the units digit of 29497275?
5
What is the hundreds digit of 4050750907?
9
What is the thousands digit of 323985062?
5
What is the hundred millions digit of 3144995759?
1
What is the ten millions digit of 3353475815?
5
What is the millions digit of 109296259?
9
What is the tens digit of 445675554?
5
What is the millions digit of 1901138754?
1
What is the hundreds digit of 334926061?
0
What is the thousands digit of 623532612?
2
What is the millions digit of 189944633?
9
What is the millions digit of 34066465?
4
What is the hundreds digit of 467180313?
3
What is the units digit of 2470139551?
1
What is the hundreds digit of 56259835?
8
What is the thousands digit of 1512913254?
3
What is the hundreds digit of 791914378?
3
What is the ten millions digit of 12049782?
1
What is the thousands digit of 355647349?
7
What is the ten millions digit of 8080562294?
8
What is the hundred thousands digit of 207122694?
1
What is the hundreds digit of 236891084?
0
What is the units digit of 182676579?
9
What is the ten millions digit of 932912786?
3
What is the thousands digit of 573576407?
6
What is the ten thousands digit of 2187851098?
5
What is the units digit of 6451149318?
8
What is the millions digit of 407822549?
7
What is the hundred millions digit of 1330373338?
3
What is the thousands digit of 191915239?
5
What is the ten millions digit of 416814862?
1
What is the hundred thousands digit of 7987785?
9
What is the units digit of 414461874?
4
What is the units digit of 83750139?
9
What is the ten thousands digit of 1223043769?
4
What is the hundreds digit of 62397666?
6
What is the units digit of 22066866?
6
What is the hundred millions digit of 1242504516?
2
What is the ten millions digit of 1235363904?
3
What is the ten thousands digit of 390938366?
3
What is the units digit of 514856040?
0
What is the thousands digit of 27005082?
5
What is the tens digit of 14730697?
9
What is the hundreds digit of 29647254?
2
What is the thousands digit of 4837038?
7
What is the ten millions digit of 232693463?
3
What is the tens digit of 2583232214?
1
What is the hundred thousands digit of 12207284?
2
What is the hundred thousands digit of 36057667?
0
What is the hundred thousands digit of 182011092?
0
What is the hundred thousands digit of 2841868145?
8
What is the millions digit of 32394560?
2
What is the hundreds digit of 37727492?
4
What is the thousands digit of 52116353?
6
What is the ten thousands digit of 67345818?
4
What is the ten millions digit of 355812095?
5
What is the ten millions digit of 80955434?
8
What is the thousands digit of 125170978?
0
What is the thousands digit of 619584551?
4
What is the thousands digit of 6604472?
4
What is the units digit of 53144658?
8
What is the billions digit of 4556777561?
4
What is the hundred millions digit of 1385492329?
3
What is the tens digit of 81233651?
5
What is the units digit of 6764764418?
8
What is the hundred millions digit of 392687263?
3
What is the hundred millions digit of 111131289?
1
What is the millions digit of 422801832?
2
What is the ten thousands digit of 128602237?
0
What is the hundred millions digit of 209314222?
2
What is the ten thousands digit of 1016481395?
8
What is the tens digit of 47463837?
3
What is the ten millions digit of 58788046?
5
What is the ten millions digit of 113664720?
1
What is the units digit of 5061241183?
3
What is the tens digit of 153484474?
7
What is the tens digit of 779046832?
3
What is the tens digit of 58393103?
0
What is the thousands digit of 622452049?
2
What is the hundred thousands digit of 195668357?
6
What is the ten thousands digit of 289803786?
0
What is the ten thousands digit of 84181537?
8
What is the thousands digit of 488752528?
2
What is the tens digit of 144333173?
7
What is the tens digit of 22339071?
7
What is the millions digit of 36839948?
6
What is the 